b) be the first derivative of -2*b**3 + b**2 + 2*b + 1. Determine q(h).
-26
Let y(n) = n**2 + n + 1. Let u(r) = -r**3 + 10*r**2 - 18*r + 7. Let v(c) = -u(c) - 4*y(c). Suppose 3*g - x - 3*x = 43, 0 = 5*g + 5*x - 60. Give v(g).
2
Let n(q) = q**2 + q - 1. Let u(h) = -13*h**2 - 4*h + 6. Let i(t) = 7*t + 34. Let y be i(-5). Let a(d) = y*u(d) - 5*n(d). Calculate a(-1).
8
Let t(c) = c**3 - 3 - 8 + 26*c - 3*c**2 - 17*c - 9*c - 10*c. Give t(5).
-11
Let g be (39/(-3)*-1)/(-4 + (-48)/(-8)). Let n(r) be the second derivative of 1/12*r**4 - g*r**2 - 16*r + 0 + 0*r**3. Give n(0).
-13
Suppose -4*r - 6 = 2. Let c(k) = -21*k - 36. Let m be c(r). Let h(l) = -l**3 + 5*l**2 + 5*l. Determine h(m).
-6
Let w(v) = 0*v - 28 - 27 - 5*v + 7 - 16. Give w(-14).
6
Let g = -20161 - -20146. Let r(h) = -h**3 - 15*h**2 - 8*h - 4. Give r(g).
116
Let f(o) = -2*o + 9. Let d be ((-267)/(-6))/((-6)/(-12)*-1). Let u = 96 + d. Determine f(u).
-5
Suppose -2*y = 5*y - 112. Let k(d) = 8*d**2 + 161 - 150 - d + d**3 + y*d. Let t(q) = -q - 1. Let u(i) = k(i) + 5*t(i). What is u(-6)?
18
Let k(w) = -40*w**2 + 97*w - 46. Let s(u) = -322*u**2 + 776*u - 384. Let r(d) = 25*k(d) - 3*s(d). Give r(3).
-13
Let f(c) = -1435 + 463 + 660 + 119*c + 545. Determine f(-2).
-5
Let m(f) = -2*f - 10. Let o(z) = 4*z + 21. Let n(y) = 9*m(y) + 4*o(y). Suppose 52*d = 51 + 105. What is n(d)?
-12
Let i(h) be the first derivative of -8*h**3/3 - 22*h**2 - 13*h - 673. Determine i(-5).
7
Let f(b) = -87*b**2 - 1825*b - 21. Let v be f(-21). Let y(p) = -p - 61. Calculate y(v).
2
Suppose -l = -4*r + 12, -l = 4*r - 12 - 8. Let u(q) = q**2. Let g be u(1). Let h(y) = 5*y + 6*y + g - 12*y. Calculate h(r).
-3
Let m(t) be the second derivative of 3*t**3 - 23*t**2/2 - 656*t - 1. Give m(8).
121
Let s(i) = -i**3 + 6*i**2 + 18*i + 8. Suppose u = -3*g + 27, -31*g + 27*g + 36 = 3*u. What is s(g)?
-73
Let o(b) = 6*b**2 + 7*b - 11. Let r(z) be the second derivative of z**4/4 + z**3/2 - 5*z**2/2 - z - 38. Let a(s) = -2*o(s) + 5*r(s). What is a(3)?
27
Let f(m) be the first derivative of m**3/3 - m**2 - 6. Let q be (8/3)/((-18)/(-27)). Calculate f(q).
8
Let o(i) = 2*i + 15. Let r = -77 + 92. Suppose -r = 12*a + 105. What is o(a)?
-5
Let p(o) = 2*o**2 - 7*o + 4. Let f(m) = -3*m**2 + 8*m - 5. Let k be (3/(-9))/((-2)/(-60)*-2). Let h(x) = k*p(x) + 4*f(x). Calculate h(-2).
-2
Let t(y) be the first derivative of 7*y**2 - 1/3*y**3 - 15*y - 42. What is t(10)?
25
Let h(i) = -6*i**3 + 3*i**2 - 6*i + 5. Let p(t) = -t**3 - t + 1. Suppose 4*x - 1154 + 1166 = 0. Let o(j) = x*p(j) + h(j). Determine o(2).
-16
Let a(q) = -q + 3. Let s = -109 - -132. Suppose 8*k - s = 7*k - 3*x, 5*x - 25 = 0. Calculate a(k).
-5
Suppose -29*u - 59 = 3*o - 27*u, 2*o + 5*u + 21 = 0. Let s(z) = 7*z + 158. Calculate s(o).
-3
Let k(h) = -h**3 + 4*h**2 + h - 1. Let q be ((-4)/(-16))/((-7)/42)*-14. Suppose 4*r - 3*r - q = -5*t, 4*t - 3*r = 13. Calculate k(t).
3
Let x(a) = -17*a**3 + a**2 + a + 1. Let y(v) = -v**2 + 34*v + 1. Let z be y(34). Suppose -2*w + z + 2 = 5*c, -6 = 4*w - 2*c. Calculate x(w).
18
Let w(f) be the first derivative of 210 + 3/2*f**2 + 20*f. Determine w(-5).
5
Let y be 1 + -1 + -9 + 2. Let k(p) = 851*p**2 - 6*p - 1. Let i(d) = 1418*d**2 - 12*d - 1. Let j(x) = -3*i(x) + 5*k(x). Determine j(y).
5
Let f(c) = -c**2 - 12*c + 2. Let x be f(-12). Let a(w) = -w**2 + 3*w - 6. Let t be a(x). Let d be -1*(t + 7/2)*2. Let b(u) = -u + 2. Give b(d).
1
Suppose v + 638 = -2*l, -4*v - 632 = -6*l + 8*l. Let m = l - -314. Let j(t) = t**3 + 5*t**2 - 5*t - 2. Calculate j(m).
-8
Let y(j) = -3*j - 4. Let v(x) = x**3 + 8*x**2 - 3. Let z(i) = i**3 + 8*i**2 - 3. Let l(b) = -4*v(b) + 3*z(b). Let n be l(-8). Calculate y(n).
-13
Let x(u) = u**3 + 8*u**2 + 11*u - 7. Let s = -3285 - -3279. What is x(s)?
-1
Let q(y) = -2*y + 1. Let f(s) = -s**2 - 13*s. Let z be f(-13). Let h be z + 1 - (-24 - -14). Give q(h).
-21
Suppose -14*i - 38 + 38 = 0. Suppose i = -n - 2*b + 3, 3*b - 6*b = -2*n + 13. Let u(y) = -3*y + 21. What is u(n)?
6
Let o(w) = -6*w - 27. Let u be 48/21 + -2 + 111/(-21). Let x be o(u). Let t(f) = 30*f**3 - 29*f**3 + 0*f + 3*f - x - 5*f**2. Calculate t(4).
-7
Let c(p) = -2*p + p - p - 4. Suppose 6*w - 22 = w + 4*f, -3*f = -3*w + 12. Let o be 19/(-2) - w/(-4). Calculate c(o).
12
Suppose -p + 3*v - 65 = 0, p - 7*v + 65 = -2*v. Let j = -59 - p. Let b(i) = -i**3 + 5*i**2 + 3*i + 7. Give b(j).
-11
Suppose 3*q - 132 = -3*z, -1 = 3*z - 4. Suppose -116 = -14*v + q*v. Let a(c) = 6*c**2 + 7*c + 6*c**3 - 2*c**3 + 5 - 3*c**3. Calculate a(v).
9
Let f(w) = w**3 + 10*w**2 + 11*w + 10. Suppose b - 36 = -33. Suppose b*c = 4*v + 30, -5*c = 5*v + 11 + 44. What is f(v)?
-8
Let f(j) = -j - 11. Suppose -4*v + 38 = -2. Suppose 6*u + v + 62 = 0. What is f(u)?
1
Let g(f) = -f**2 - 9*f - 14. Let t(l) be the first derivative of -l**4/4 + 2*l**3 + 15*l**2/2 - 64*l + 73. Let r be t(7). Calculate g(r).
-6
Let a(w) = w**2 + 7*w + 8. Suppose -4*l = l - 25, g + 3*l - 488 = 0. Let f = 465 - g. Determine a(f).
16
Let w(k) = 5 + k - 3 + 4 + 1 - 3. Let f = 481 + -485. Determine w(f).
0
Let f(m) = 6*m + 9*m - 22*m + m**2 + 3*m - 4. Let a(s) = s**2 - 5*s - 4. Let j(r) = -3*a(r) + 4*f(r). Determine j(-3).
8
Let t(v) = -v**2 + 8*v + 1. Let i(m) = 8*m**2 - 76*m - 7. Let h(u) = 4*i(u) + 36*t(u). Calculate h(-5).
-12
Let f(u) be the third derivative of -5*u**4/24 + 1781*u**2. What is f(0)?
0
Let n(l) = l**3 - 6*l**2 + 6*l - 3. Suppose 59*a + 1 = 60*a. Suppose -54 = -11*t + a. What is n(t)?
2
Let n(c) be the first derivative of -28*c**3/3 + c**2/2 + 3*c + 7187. What is n(2)?
-107
Let s(z) = -z**2 - 5*z + 14. Let p(v) = -2*v - 36. Let l be p(-14). Let o be s(l). Let y(u) = -u**2 - 10*u - 10. Calculate y(o).
-10
Let p(g) = g**2 + 17*g + 17. Let v be p(-16). Let b(x) be the third derivative of 5*x**4/24 - 5009*x**2. What is b(v)?
5
Suppose 10*q = -7 - 713. Let f be (-48)/q*(-6)/4 + 3. Let h(i) = 2*i**2 - 2*i. Give h(f).
4
Let m = -19 + 26. Let v(c) = 5*c**3 + 15*c**2 - c - 9. Let w(k) = -6*k**3 - 16*k**2 - k + 10. Let n(p) = -7*v(p) - 6*w(p). Give n(m).
-4
Let l(s) = 4*s. Suppose -6*r + 8 = -2*z - 2*r, -3*r + 5 = -2*z. Suppose z*w - 9 = t, w + t - 7 = -4. Determine l(w).
16
Let c be 192/84 + (-5)/(105/6). Let z(r) = -12551*r + 12551*r + 3*r**c. Determine z(1).
3
Let x(b) = 38*b + 273. Suppose w + 5*l = -42, 16 - 44 = -4*w + 8*l. What is x(w)?
7
Let l(d) be the first derivative of d**4/4 + 2*d**3 - 5*d + 1. Let s(o) = 8*o + 78. Let i be s(-8). Suppose -32*w - 108 = -i*w. Calculate l(w).
-5
Let i(s) be the third derivative of -s**4/24 + 4*s**3 + 1246*s**2. Determine i(32).
-8
Suppose -6*d = -d - 10. Let k(m) = 84 + 4*m - 359 + 187 + 89 - m**2. Calculate k(d).
5
Let r(w) = -w**3 - 22*w**2 + 22*w - 28. Suppose -6*b = 2*d + 136, -16*b = -13*b + 4*d + 65. Give r(b).
-5
Suppose -6*a - 20 = -38. Let z(g) = -a + 3 - 3 - 4 + 2*g. Calculate z(-7).
-21
Suppose -1077 - 27 = -8*m. Let o = -131 + m. Let g(a) = -a**3 + 6*a**2 + 5*a + 5. Calculate g(o).
-9
Let b(a) be the second derivative of -5*a**4/24 - a**3/2 - 49*a**2/2 - 2*a + 22. Let z(k) be the first derivative of b(k). Calculate z(-2).
7
Suppose 5*n = -5*k + 130, 0 = -4*k - 4*n + n + 100. Suppose k*c + 210 = 15*c. Let a = 23 + c. Let d(b) = -b - 4. Determine d(a).
3
Let a(c) = c + 490 + 495 - 1988 + 495 + 511. Suppose -5*f + h + 25 = -0*h, 2*h + 14 = f. Calculate a(f).
7
Let x(v) = -12057*v - 11 - 4 + 12056*v. What is x(-16)?
1
Let z(a) = 13*a + 1. Let h(c) = 5*c. Let j(l) = -5*h(l) + 2*z(l). Suppose -5*x - 2 = 8. Calculate j(x).
0
Let c(b) = 6*b + 27. Let o = -710 + 703. What is c(o)?
-15
Let d(m) = 9*m - 45*m - 17 + 764*m**2 - 763*m**2 + 4*m + 13*m + 10*m. Let h be (0/2 + -11)*-1. Determine d(h).
5
Let s(j) = -j**2 - 4*j + 3. Let l(q) = -1. Let n(g) = -3*l(g) - s(g). Let r = 201870 - 201874. Calculate n(r).
0
Suppose 0 = -368*x + 470*x + 918. Let d(a) be the first derivative of -a**3/3 - 4*a**2 + 6*a - 1. Give d(x).
-3
Let m be (-168)/27 - ((-1650)/135 - -12). Let j(y) = y**2 + 6*y + 2. Calculate j(m).
2
Let n(z) = -2*z**2 + 12*z - 7. Suppose 19*o = 18*o + x - 1, 3*o - 53 = -5*x. Give n(o).
-7
Let x(l) = -l**3 - 7*l**2 + 10*l + 10. Let d be 1/((0 - 1) + (-24)/(-20)). Suppose 8 = -d*b + 4*b. What is x(b)?
-6
Suppose -3*g = 2*k - 10, 45*k - 4*g = 48*k - 16. Let o(t) = -t**2 + 2*t + 15.